= -4*y. What is the greatest common divisor of y and 3828?
174
Suppose 283*k = 766 + 366. Suppose 0 = -4*p + 3*p + 18. What is the greatest common factor of k and p?
2
Suppose -25909 = -32*r + 1163. What is the highest common factor of 564 and r?
282
Let x(h) = 187*h**3 - 2*h**2 + 2. Suppose -3*l - p = -2, 7*l + 1 = 4*l - 4*p. Let t be x(l). What is the highest common factor of 17 and t?
17
Let f = 975 - 908. Suppose f*z - 71*z = -1792. What is the greatest common divisor of z and 192?
64
Let s = 124 - 75. Let p = s - 1. Let z = 793 + -649. Calculate the greatest common factor of p and z.
48
Suppose -10*r + 549 = 7*r - 14*r. Calculate the highest common factor of r and 427.
61
Let o = -4470 + 4632. Calculate the greatest common divisor of 72 and o.
18
Let n(t) = -521*t + 22459. Let b be n(43). Suppose 0*m + m = 3*j + 1, 2*j - 42 = -2*m. What is the highest common factor of m and b?
8
Let o(i) = 49*i**2 + 494*i - 4521. Let u be o(9). Calculate the highest common factor of u and 858.
66
Let q be ((-3123)/24)/(-1) + 2/(-16)*1. Calculate the highest common divisor of q and 598.
26
Suppose -24*p - 8779 = 6437. Let w = 643 + p. What is the highest common divisor of w and 66?
3
Suppose -5*j = -342 - 1403. Let u = -333 + j. Calculate the greatest common divisor of 112 and u.
16
Let b(k) = 15*k + 1. Let r be b(5). Let w(i) = 53*i - 416. Let n be w(10). Calculate the greatest common factor of n and r.
38
Suppose 5*l = -2*x - 4, -5*x = -l - 2*l - 21. Let v be (-12)/24*(l - -2). Suppose -7*w + 0*w + 126 = v. What is the greatest common factor of 72 and w?
18
Let h = 84 - 57. Let y(q) = 2 + 6*q + h*q**2 + 18*q**2 + 15*q**2 + 1. Let o be y(-2). What is the greatest common factor of 21 and o?
21
Suppose 0 = -5*w + 2257 + 1373. Suppose 0 = 4*z - 5*n - w, -4 = -n - n. Suppose -304 - 892 = -52*c. What is the greatest common factor of z and c?
23
Let p = 12 - -2. Let i(d) = -31*d + 3822. Let l be i(112). Calculate the greatest common divisor of l and p.
14
Let f = 982 + -926. Calculate the highest common divisor of 1918 and f.
14
Let d(g) = 336*g - 1. Let o = 44 - 42. Let p be d(o). Suppose 134 + p = 7*n. Calculate the greatest common divisor of n and 23.
23
Let x(g) = -91*g + 17. Let b be x(-6). Suppose -982 = 5*q + b. Let p = 518 + q. What is the highest common divisor of p and 11?
11
Let l(g) = 163*g**2 - 25*g + 3. Let t(q) = 82*q**2 - 13*q + 1. Let m(o) = 6*l(o) - 11*t(o). Let x be m(2). What is the greatest common divisor of x and 33?
33
Suppose -4*x = 4*a - 9*x - 182, -4*x = -24. What is the highest common divisor of 2438 and a?
53
Suppose -2*k + 2*r = -70, 0 = -29*k + 27*k + r + 77. What is the greatest common divisor of 9723 and k?
21
Let u(g) be the second derivative of 11*g**3/2 - 3*g**2/2 - 6*g - 7. Let j = 10 - 8. Let r be u(j). What is the highest common factor of 21 and r?
21
Suppose 38*q - 4*q = -38*q + 2880. What is the highest common divisor of 15320 and q?
40
Let d be 453*4/12*-1*-1. Let w = d - 125. Calculate the greatest common factor of 143 and w.
13
Let x(l) = -l**3 + 22*l**2 + 34*l - 405. Let y be x(11). What is the highest common divisor of 800 and y?
100
Let t = -12102 + 12144. Let x be 2*(98/1)/2. Calculate the highest common factor of t and x.
14
Let r = 20403 + -20371. Calculate the greatest common factor of 29888 and r.
32
Let j(a) = -a**3 + 21*a**2 - 17*a - 33. Suppose -5*x - 4*h + 104 = 8, 4*h = 4*x - 84. Let o be j(x). What is the highest common factor of o and 648?
27
Let x = -59 + 64. Suppose 411*r + 30 = 412*r. What is the highest common divisor of r and x?
5
Let f be (-28)/(-10) - 32/(-160). Suppose -f*d - 3*r + 8*r = -1203, 3*d = -5*r + 1173. What is the highest common divisor of 36 and d?
36
Let z(k) be the first derivative of -2*k**3/3 - 6*k**2 - 6*k - 272. Let a be z(-4). Let n be 321/21 + 4/(-14). Calculate the greatest common divisor of a and n.
5
Let v = 181 - 174. Let l(i) be the second derivative of i**4/4 - i**2 + 9*i. Let c be l(1). What is the highest common factor of v and c?
1
Suppose 14*a - 290 = 116. Suppose -4*w + 9*w - 1034 = -2*r, 3*r + 4*w - 1558 = 0. Suppose -y = -3*y + r. Calculate the highest common divisor of a and y.
29
Let c = 24 - 19. Let w = -42 + 58. Suppose -w = 4*a - c*a. Calculate the greatest common divisor of a and 64.
16
Let o(r) be the third derivative of 0 - 29*r**2 + 1/4*r**4 - 8/3*r**3 + 0*r. Let s be o(7). What is the greatest common divisor of 208 and s?
26
Let w = 104 + -70. Let s = 293 + -288. Suppose 36 + 43 = g - 2*u, s*g - u - 422 = 0. What is the highest common divisor of g and w?
17
Let x be 12/(-8)*(1 + -19). Let a be (12 + 15)*(5/3 - (-59 - -55)). Calculate the greatest common factor of a and x.
9
Let c(f) = -3*f**3 + 180*f + 340. Let d be c(-2). Let i = 4 - 2. What is the greatest common divisor of i and d?
2
Suppose -2*p = -4*m - 4212, 12 = -3*m + 9. What is the highest common factor of 8 and p?
8
Let y be ((-207)/15)/(9/(-21))*5. What is the highest common factor of 1150 and y?
23
Suppose j = -0*j + 17. Suppose -4*r + 5*k = -101, 30*k = -3*r + 28*k + 116. Calculate the greatest common factor of r and j.
17
Let y be -5*7/490 - (-1233)/14. Calculate the highest common factor of 1144 and y.
88
Let n(o) = 9 - 5*o**2 - 4 + 3 + 59*o + 5. Let u be n(12). Calculate the greatest common factor of u and 13.
1
Let r = -56 + 13. Let t = -46 - r. Let l be (-41 + 2)/(2 + t) - 3. Calculate the highest common divisor of 24 and l.
12
Suppose -m + 131 = b, 26*b - 25*b = -14*m + 1899. What is the greatest common divisor of 153 and m?
17
Suppose -4*b = 6 - 14. Suppose -5*z + 112 = 4*p - b*p, 4*p = z - 18. Suppose 0 = -z*j + 17*j + 450. What is the highest common factor of 15 and j?
15
Let y(g) = -34*g - 313. Let r be y(-13). Calculate the highest common factor of 129 and r.
129
Suppose -3*f + m + 71 = 0, 3*f + 11*m = 9*m + 74. Let g be 32/(-14) + 2 + 256/14. Calculate the greatest common factor of f and g.
6
Let l = 2830 - 2820. Calculate the highest common factor of l and 3790.
10
Suppose -29*s - 5*s + 39 + 29 = 0. Calculate the greatest common factor of s and 144.
2
Let l(t) = -3*t**2 + 7*t + 6. Let f(u) = u**2. Let h(g) = -4*f(g) - l(g). Let z be h(-4). Suppose -j + z = 5*j. Calculate the highest common divisor of 1 and j.
1
Suppose i + 0*i + 1 = 0, -i = 4*b - 2411. Let l = 461 - 720. Let o = b + l. Calculate the greatest common factor of 43 and o.
43
Let z = 1 + -4. Let y = 22 - z. Let w = 38 + 162. What is the greatest common factor of y and w?
25
Let x be (2/3)/(2/12). Suppose 2 = -x*f + 22. Let v(s) = -s - 21. Let y be v(-41). Calculate the highest common factor of y and f.
5
Suppose 0 = 3*r - 6*t - 525, -3*t - 862 = -5*r - 43. Calculate the highest common divisor of r and 31323.
159
Let y = 1 + 3. Let v = 188 + -188. Suppose 11 = -v*m - m - 5*a, 3*a = m - 13. Calculate the highest common divisor of m and y.
4
Let w = 13905 - 13793. Calculate the greatest common factor of 1552 and w.
16
Let p = 7137 + -7125. What is the highest common divisor of 3198 and p?
6
Suppose 0 = -43*m - 140 + 370 + 501. Calculate the greatest common factor of 56 and m.
1
Let o be (16 - 315/(-27))/(1/3). Suppose -o*k + 15015 = -44*k. Calculate the highest common factor of 55 and k.
55
Let f(n) = 510*n**2 - 34*n - 2. Let o be f(-2). Calculate the greatest common factor of o and 486.
162
Let m(b) = -11*b - 8. Let w be m(-2). Suppose 4 = 9*h - w. Let s be -4*7*h/(-8)*4. What is the greatest common factor of 14 and s?
14
Let i(s) be the first derivative of 8*s - 1/2*s**2 - 4. Let w be i(-4). Calculate the greatest common factor of 24 and w.
12
Suppose -3*x + 63 - 9 = t, x = 2*t - 66. What is the highest common factor of 236 and t?
4
Suppose -5*g + 5*k + 5 = 0, -8*g + 3*g - 7 = k. Let s be 5*((-44)/(-20) + g). What is the highest common divisor of s and 12?
6
Suppose 5*y - 2*u = -3012 + 23211, 3*y - 12097 = -2*u. What is the highest common factor of y and 44?
11
Suppose 3*n = -0*n + y + 104, -4*y = -16. Suppose -63*o = 68*o - 126*o - 60. Calculate the greatest common factor of o and n.
12
Suppose 7359*l - 1340 = 7349*l. What is the highest common factor of l and 10?
2
Let m(q) = -226*q**3 + 3*q**2 + 35*q + 34. Let o be m(-1). Calculate the greatest common factor of o and 68.
4
Let t be 2*(2 - 18/(-12)). Suppose -4